posite?
False
Suppose -3*w - 191 = -20. Let s = w - -62. Suppose 2*b = s*b - 771. Is b a composite number?
False
Suppose 7*u - 3808 = -308. Let o = -31 + u. Is o a prime number?
False
Is (13/(-52))/(4 + 1881540/(-470384)) prime?
True
Let r(j) = -5*j - 86. Let b be r(-15). Let l = 146 - b. Is l composite?
False
Let s(n) = -599*n + 418. Is s(-45) composite?
True
Let i = -67175 - -126276. Is i a composite number?
True
Let j(h) = 1346*h**2 - 3*h. Let g = 15 + -20. Let m be ((-3)/6)/(g/10). Is j(m) prime?
False
Suppose 18*w = -9*w + 90936. Suppose -a - 2752 - w = -y, 5*y = a + 30596. Is y a composite number?
True
Suppose -92 = -12*h - 11*h. Suppose 3*w + 5*x = 29176, -24478 = -4*w - h*x + 14418. Is w composite?
True
Let h = 164295 + -44788. Is h a prime number?
False
Is 357/84*34262 + (-9)/(-6) composite?
True
Let p(j) = j**3 - 5*j**2 - 4*j + 13. Let l be p(5). Let g(b) be the second derivative of -29*b**3 - 10*b**2 + 2*b. Is g(l) composite?
True
Let o = -6965 - -17263. Suppose o = 5*i - 597. Is i a composite number?
False
Let w = -214605 - -515954. Is w a prime number?
True
Let l(m) be the third derivative of -63*m**4/4 - 10*m**3/3 - 24*m**2. Let i be l(-4). Let n = -453 + i. Is n prime?
True
Let s(a) = -2*a**3 + a**2. Let i be s(-1). Suppose g = -3*g - r - 38, i*g + 26 = -2*r. Is 1868/20 + (-6)/g prime?
False
Suppose 4*r = 3*r + 7. Suppose 0 = -10*z + 827 - 687. Is (r/z)/((-1)/(-2198)) composite?
True
Suppose 46*r - 47*r - 13 = -5*m, 0 = m + 4*r - 11. Is (10/(-4) + 4)*3194/m a prime number?
True
Suppose -q + 4*v = -2, -v + 6 = 3*q + 4*v. Suppose q*w = -3*s + 4316, -w + 1854 + 311 = -2*s. Is w prime?
True
Suppose -4*q + 2*a = -9*q - 249, -3*a - 251 = 5*q. Let z = -58 - q. Let k = 232 + z. Is k prime?
True
Let m(q) = 21*q - 101. Let i(s) = 5*s - 25. Let t(u) = -26*i(u) + 6*m(u). Let d be t(10). Suppose r - a - 284 - 303 = 0, 2*r - 1174 = d*a. Is r composite?
False
Suppose 572*o = 555*o + 6638959. Is o composite?
False
Is 67116752/564 + (-3)/((-27)/33) prime?
False
Suppose 0 = 54*s - 51*s - 20841. Is s prime?
True
Suppose 4*g = -3*u + 4*u - 2490, 4*u - 3118 = 5*g. Let q = g - -54. Let s = 1155 + q. Is s a prime number?
True
Let u be (264/5)/((-4)/(-760)). Suppose -4*r + u + 5224 = 4*b, -5*r - 15 = 0. Is b a composite number?
True
Let w(d) = 119*d**3 - 2*d**2 - 2*d + 1. Suppose y = 5*g - y - 13, -5*y = 20. Let c(b) = 2*b**3 - b**2 + b. Let o be c(g). Is w(o) a composite number?
False
Is -248554*((-2)/(-20))/(16/(-80)) a composite number?
False
Is (-81 - -48)*(-12)/18*2203/2 a prime number?
False
Suppose -2*n - 21228 = -2*i, -n + 3*i - 10604 = -0*i. Let l = -6228 - n. Is l a prime number?
True
Let q(r) = 1816*r**2 + 22*r - 73. Is q(4) a prime number?
False
Let h be 2/((-28)/(-34)) + 12/21. Let l be 25/10 + 2*h/12. Suppose -4*d + 1491 = 5*u, u - 4*d - 1200 = -l*u. Is u prime?
False
Let y = 40088 + 8711. Is y a composite number?
False
Let f be (20/25)/(32/15 - 2). Suppose -8*g + f*g = -16382. Is g a prime number?
True
Let h(a) = a**3 + 2*a**2 - a - 12. Let r be h(0). Let l be (r/2 - -4) + -505. Let w = l + 929. Is w prime?
False
Let p = 355516 - -137281. Is p a composite number?
True
Let y be (17 - (-2 - 4))*-1. Let n(c) = -99*c + 16. Is n(y) prime?
True
Is ((-2)/18 + (-1663217300)/(-1800))/(1/2) composite?
True
Let p(u) = -u. Let a(h) = 923*h + 21. Let b(t) = -a(t) - 2*p(t). Let x be b(-5). Suppose -5*i + x = -o, 0 = 5*i + 2*o - 4220 - 367. Is i composite?
True
Suppose 5*z = n + 10351792, 0 = -z - 12*n + 14*n + 2070371. Is z prime?
False
Let h(k) = -6*k**2 + 74*k - 22. Let x be h(12). Suppose -f + 1102 = x*z + z, 5*f - z = 5430. Is f prime?
True
Let s(x) = 24239*x**2 + 451*x - 897. Is s(2) a prime number?
False
Let k = 7623 + -5872. Is k composite?
True
Let f = 118 + -118. Suppose 3*n + 5*z + 13646 = 0, n + z + 1025 + 3521 = f. Let h = -2123 - n. Is h composite?
True
Suppose -k - 130396 + 408455 = -5*m, -m + 4 = 0. Is k a composite number?
True
Let a(m) = 1418*m**2 + 63*m + 1611. Is a(-16) a composite number?
False
Suppose 5*u - 1129 = 3596. Suppose -17*i + u = -22*i. Is (i/(-6) - -2)*2 a composite number?
False
Suppose -141683 = 65*l + 128*l - 4621020. Is l a composite number?
False
Suppose -3*i = -8*i + 5*f - 1135, i + 5*f = -215. Is (-50)/i - (239540/(-18) - 1) composite?
False
Let c(k) = 472*k**2 + 55*k + 2. Let p be c(-6). Suppose 5651 = -3*f + p. Is f composite?
False
Suppose -170044 - 1176697 = 316*i - 327*i. Is i prime?
False
Let a = 99172 - 69005. Is a composite?
True
Let j be (-8)/(-36) + 11866*(-35)/(-18). Is j/1*(63/7)/27 a composite number?
False
Suppose -22 = -5*t + m, 0 = 5*t - 5*m - 10. Suppose -v = 4*i + 287, t*v + 1378 = -3*i + 2*i. Let l = 2370 + v. Is l a composite number?
True
Let z(a) = -2*a - 12. Let s be z(-7). Let c(n) = -1 + 3*n - 10*n - 11*n**2 - 7*n - n**3 + 26*n**s. Is c(12) a prime number?
True
Let k(i) = -295*i**2 + 8*i - 20. Let g(j) = 296*j**2 - 8*j + 19. Let o(y) = -5*g(y) - 6*k(y). Is o(3) composite?
True
Let x(r) = -1 - 96*r - 173*r + 44*r. Let h be x(1). Is (h/(-3))/((-52)/(-78)) prime?
True
Suppose -549267 = -31*j + 377788. Is j a prime number?
False
Suppose 4*o + 29*y - 607493 = 34*y, -y + 303729 = 2*o. Is o prime?
False
Let t = 1364 - -19199. Is t composite?
False
Let u = -358176 - -534997. Is u composite?
True
Suppose 4*m = 5905 + 555. Let t be 5/(5/932)*-1. Let b = m + t. Is b a prime number?
True
Let v(h) = -1055*h - 6. Suppose -38 = -7*m + 11. Suppose -8*r - m = -r. Is v(r) prime?
True
Suppose -262328 = -3*h + 14*h. Let p = h - -69869. Is p a prime number?
True
Let l(t) = -t - 13. Let n(h) = 2*h + 27. Let u(a) = -5*l(a) - 2*n(a). Let v be u(-6). Suppose v = 4*f - 11. Is f prime?
False
Let n(y) = y**3 + 14*y**2 + 8*y + 29. Let v be n(-14). Let h = 2616 + v. Is h a prime number?
False
Let s be (512/(-2) - 0)*(-1215)/20. Suppose -2*i = a - 14079, -3*i + 5568 = 3*a - s. Is i a composite number?
False
Let d(z) = -20*z + 64. Let n be d(5). Is 14093/5 + n/(-90) a composite number?
False
Let b(i) = 39*i**2 + 5*i + 13. Suppose -4*x - 5*t + 5 = 1, -5*x - t = 16. Let m be -11 + 16 + (-2 - x). Is b(m) composite?
True
Suppose 85204115 + 67046309 = 49*a + 199*a. Is a a prime number?
False
Let k(v) = 15*v - 302. Let x be k(-15). Let i = -502 - x. Is i a composite number?
True
Let b(q) = -17*q - 472*q + 31*q - 247 + 20. Is b(-6) prime?
True
Suppose 8389 = 19*n - 40118. Suppose -8*k + 18319 + n = 0. Is k a prime number?
True
Let z = 386 + -258. Suppose 0 = -4*w + 17*j - 16*j + 294, j - 217 = -3*w. Let t = z + w. Is t a prime number?
False
Suppose -m + 12250 = 2*q + 1570, -5*q = 2*m - 21360. Suppose 12*p - m - 75372 = 0. Is p composite?
True
Let b(u) be the third derivative of -2657*u**6/120 + u**5/20 - u**4/12 - 5*u**3/6 + 152*u**2. Is b(-1) a composite number?
False
Let w = 148955 - 62292. Is w a composite number?
True
Let q be -3 + (-60)/(-25) + 6/10. Suppose -32*o + 34*o - 10 = q. Suppose 3*z + 2*v = 1349, o*z - 1172 = -v + 1074. Is z a composite number?
False
Suppose -12*i = -4*i. Suppose -2*x + 8 = i, c - 5*c + x = -28. Suppose 6*l - c*l = -730. Is l composite?
True
Let k(j) = 125*j**2 + 8*j - 1. Let t be k(1). Let y = t + 2105. Is y composite?
False
Suppose -6*o + 40 = -2*o. Let s be 24/o*100/6 + -4. Is (844/(-6))/((-24)/s) prime?
True
Is -43 + (-17218614)/(-273) + 2*2/26 a prime number?
True
Let m = -10 + 4. Let o be ((-165)/(-99))/((-5)/m). Suppose -4*k + 9336 = o*j, 4662 = 2*k - 2*j - 0*j. Is k prime?
True
Let g(l) = 6*l**3 - 52*l**2 - 19*l + 91. Is g(24) prime?
True
Let n(w) = w**3 - 127*w**2 - 276*w - 2217. Is n(130) prime?
False
Let m(b) = -20*b + 23. Suppose 0*j - 4*j = 3*i - 407, 309 = 3*j + 3*i. Suppose j = -6*u - 8*u. Is m(u) a composite number?
False
Let f = -104114 - -157075. Is f composite?
True
Suppose 3*i = 2*d + 6 - 0, 5*i + 3*d = 29. Suppose 2*h + 6 + 2 = 0, -28244 = -i*s - 5*h. Is s a composite number?
True
Let a be 0 + -3 + 60/4. Suppose 0 = 11*q - a*q + 982. Is q composite?
True
Let a be (64/(-224))/(2/(-14)). Suppose a*x - 9801 + 79 = 0. Is x a composite number?
False
Let h = 6 - 24. Let w(y) = 88*y - 18. Let t be w(h). Is t/(-4) - -7 - 2/4 a composite number?
True
Let u(p) = 37*p + 23795. Let z be 0/(36/(-30) - 3/(-15)). Is u(z) a prime number?
False
Suppose 4*u - 46900 = 2*p + p, 5*u + 3*p = 